) = -2*v**3 + 7*v**2 + 2*v + 37. Give m(6).
-131
Let y(v) = -2*v + 66. Calculate y(32).
2
Let f(a) = -99*a**3 + 134*a**2 + 134*a - 1. Determine f(-1).
98
Let r(n) = -n**3 - 31*n**2 - 105*n + 25. Give r(-27).
-56
Let u(i) = 2*i**2 + 183*i - 1532. Determine u(8).
60
Let c(v) = -v**2 - 11*v + 78. Give c(6).
-24
Let m(u) = 75*u**2 - 298*u - 7. Determine m(4).
1
Let r(k) = -k**3 - 27*k**2 + 25*k - 98. What is r(-28)?
-14
Let z(c) = -251*c**2 + 1259*c - 19. What is z(5)?
1
Let m(r) = 75*r + 618. Calculate m(-8).
18
Let x(u) = 38*u + 902. What is x(-24)?
-10
Let m(x) = -x**3 - 3*x**2 + 21*x - 3. Calculate m(-7).
46
Let y(l) = 571*l - 2849. Determine y(5).
6
Let d(w) = 24*w - 699. Give d(31).
45
Let i(g) = 250*g**2 - 5751*g + 61. Calculate i(23).
38
Let j(v) = 25*v - 472. What is j(22)?
78
Let j(f) = -414*f - 426. Give j(-1).
-12
Let h(v) = -900*v - 5420. Calculate h(-6).
-20
Let r(o) = -23*o - 2078. Calculate r(-89).
-31
Let t(p) = -14*p**2 - 4*p - 23. Determine t(3).
-161
Let b(z) = -23*z - 2362. Give b(-102).
-16
Let b(l) = -l**3 - 4*l**2 + 13*l + 27. Calculate b(-6).
21
Let n(q) = -q**3 + 27*q**2 + 46*q - 2036. Give n(26).
-164
Let n(k) = -22*k + 586. Give n(22).
102
Let a(b) = -588*b - 1765. Determine a(-3).
-1
Let a(j) = 43*j - 230. Calculate a(7).
71
Let k(s) = -4*s**2 - 35*s + 87. Calculate k(-11).
-12
Let j(h) = -4890*h - 24414. Give j(-5).
36
Let o(l) = -8*l**3 - 7*l**2 + 5*l - 12. Give o(4).
-616
Let a(q) = -2*q**2 - 118*q + 111. Give a(-59).
111
Let k(l) = 26*l - 1435. Give k(53).
-57
Let j(u) = 4*u**3 + 6*u**2 - u + 1. What is j(2)?
55
Let d(g) = g**3 - 18*g**2 + 17*g - 12. What is d(17)?
-12
Let z(x) = 19*x**3 - 3*x**2 + 15*x - 16. What is z(2)?
154
Let v(d) = -3*d**2 + 98*d - 434. What is v(6)?
46
Let l(t) = -12*t**2 - 4. What is l(-4)?
-196
Let d(n) = 2*n**3 + 3*n**2 - 6*n + 9. Determine d(2).
25
Let w(a) = -a**3 + 31*a**2 + a + 63. Determine w(31).
94
Let n(v) = 18*v - 119. Give n(9).
43
Let g(q) = 2985*q - 20895. Calculate g(7).
0
Let u(n) = -n**2 + 34*n - 74. Give u(32).
-10
Let b(x) = x**3 - 15*x**2 + 21*x - 199. Calculate b(14).
-101
Let w(l) = l**2 - 4511*l - 72434. Give w(-16).
-2
Let m(g) = g**2 - 107*g - 3432. Calculate m(-26).
26
Let a(j) = 59*j + 2926. Calculate a(-47).
153
Let j(u) = 67*u - 3035. Determine j(44).
-87
Let c(s) = -94*s - 15700. Determine c(-167).
-2
Let t(c) = -c**3 - 86*c**2 + 647*c - 404. Calculate t(-93).
-32
Let a(n) = 9*n**3 - 14*n**2 + 15*n + 4. Determine a(3).
166
Let l(b) = 7*b**3 + 434*b**2 + 4*b + 247. Determine l(-62).
-1
Let a(q) = 2*q**3 + 58*q**2 + 156*q + 13. Calculate a(-26).
13
Let d(f) = 132*f - 2889. Calculate d(22).
15
Let v(y) = -y**2 + 59*y - 806. Give v(37).
8
Let r(i) = 277*i - 42097. Give r(152).
7
Let r(v) = v**3 + 29*v**2 - 26*v + 76. What is r(-30)?
-44
Let n(r) = -2*r**3 + 5*r**2 + 2*r - 41. Calculate n(5).
-156
Let p(k) = k**2 - 27*k + 122. Calculate p(4).
30
Let g(j) = -163*j - 487. Give g(-3).
2
Let g(y) = -4*y**2 + 122*y + 800. What is g(36)?
8
Let n(u) = -17*u + 1826. Give n(104).
58
Let y(z) = -699*z + 15374. Calculate y(22).
-4
Let n(o) = o**3 + 5*o + 3. Give n(0).
3
Let h(l) = 17*l + 43. Calculate h(18).
349
Let o(f) = -7*f**2 + 36*f - 51. Calculate o(5).
-46
Let a(j) = 2*j - 14. Give a(15).
16
Let i(m) = 9*m**3 + 11*m**2 + 7*m - 2. Give i(-1).
-7
Let o(m) = m**3 + 33*m**2 + 55*m + 17. Determine o(-31).
234
Let o(p) = -2*p**3 - 17*p**2 - 4*p + 21. Calculate o(-10).
361
Let c(n) = -148*n**2 - 1033*n + 24. Calculate c(-7).
3
Let c(b) = -b**3 + 39*b**2 + 36*b + 90. Determine c(40).
-70
Let s(r) = -13*r + 278. What is s(19)?
31
Let g(y) = 4*y**3 + 225*y**2 + 62*y + 358. Determine g(-56).
22
Let d(a) = 96*a + 1998. Determine d(-21).
-18
Let n(q) = 319*q + 73. Determine n(-1).
-246
Let l(m) = -6*m + 23. Determine l(-7).
65
Let b(u) = u**3 + 12*u**2 - 31*u - 457. Give b(-7).
5
Let y(i) = -2*i**3 - 23*i**2 - 40*i - 24. Give y(-8).
-152
Let v(m) = -m**3 - 24*m**2 + 2*m - 42. What is v(-24)?
-90
Let o(h) = -3*h**3 - h**2 + 130*h + 374. Give o(-3).
56
Let o(n) = -n**2 - 25*n + 29. What is o(0)?
29
Let d(l) = -173*l - 1802. What is d(-11)?
101
Let z(a) = -a**3 + 3*a**2 - 5*a - 31. What is z(7)?
-262
Let y(a) = 4*a**2 - 274*a + 1038. What is y(4)?
6
Let m(i) = 2*i**3 + 63*i**2 + 127*i - 5. Calculate m(-2).
-23
Let i(j) = 2*j**3 - 16*j**2 + 20*j - 70. Calculate i(8).
90
Let h(s) = s**2 - 25*s + 141. Give h(10).
-9
Let x(z) = -2241*z + 33621. Calculate x(15).
6
Let g(d) = -69*d**2 + 2550*d + 92. Calculate g(37).
-19
Let f(h) = h**3 + 7*h**2 - 134*h + 366. Determine f(5).
-4
Let w(l) = -2*l**3 - 28*l**2 - 21*l + 104. What is w(-13)?
39
Let d(r) = -544*r + 15781. Determine d(29).
5
Let i(h) = -4*h - 21. Calculate i(8).
-53
Let i(y) = -y**3 - 5*y**2 + 58*y + 310. Determine i(-5).
20
Let g(j) = j**3 + 28*j**2 - 70*j - 241. What is g(-30)?
59
Let i(j) = j**2 + 29*j + 208. Calculate i(-13).
0
Let b(k) = k**3 + 417*k**2 - 1610*k + 31154. What is b(-421)?
0
Let x(g) = -82*g - 1403. Determine x(-14).
-255
Let b(i) = 46506*i - 232528. What is b(5)?
2
Let y(i) = -i**3 - 120*i**2 + 367*i - 248. Give y(-123).
-2
Let x(w) = -146*w + 14004. Give x(96).
-12
Let k(h) = 158*h - 2378. Calculate k(15).
-8
Let v(m) = m**2 - 8*m - 28. Calculate v(-8).
100
Let w(s) = 96*s - 491. Determine w(7).
181
Let f(j) = 107*j**3 + 5*j**2 + 5*j - 7. Determine f(1).
110
Let s(j) = -2*j**2 + 28*j - 27. Calculate s(1).
-1
Let z(t) = -2*t**2 + 39*t + 138. Determine z(-3).
3
Let o(z) = 18*z**2 - 47*z + 92. What is o(2)?
70
Let u(z) = -14*z**3 + 68*z**2 + 9*z - 11. Give u(5).
-16
Let m(o) = -2*o**2 - 34*o - 300. What is m(-11)?
-168
Let h(s) = s**3 + 27*s**2 - 55*s + 94. What is h(-29)?
7
Let a(x) = -x**2 - 17*x + 32. What is a(-11)?
98
Let x(a) = -244*a - 995. What is x(-4)?
-19
Let l(q) = 469*q - 1404. What is l(3)?
3
Let f(j) = j**3 + 26*j**2 - 312*j + 68. What is f(-35)?
-37
Let u(q) = -693*q + 25664. Determine u(37).
23
Let h(z) = 49*z**2 + 1224*z - 29. Calculate h(-25).
-4
Let f(c) = 48*c + 380. What is f(-33)?
-1204
Let b(x) = -260*x + 1325. Determine b(5).
25
Let z(l) = -3*l**2 - 80*l + 223. Calculate z(-32).
-289
Let n(j) = 209*j + 5232. Give n(-25).
7
Let c(t) = -2*t**3 + 69*t**2 - 165*t - 18. Give c(32).
-178
Let s(w) = -w**3 - 45*w**2 + 14. Determine s(-45).
14
Let t(m) = -17*m**2 + 235*m - 19. What is t(14)?
-61
Let m(c) = -523*c - 3122. What is m(-6)?
16
Let k(o) = -o**2 + 112*o - 1112. Determine k(12).
88
Let c(k) = k**3 + 17*k**2 + 18*k - 3. Determine c(-16).
-35
Let f(i) = 22*i - 705. What is f(31)?
-23
Let u(a) = a**2 + 87*a + 1343. Determine u(-67).
3
Let a(r) = 2*r**3 - 8*r**2 + 32*r - 60. Determine a(2).
-12
Let z(u) = 2*u**3 + 20*u**2 - 17*u - 37. Give z(-11).
-92
Let p(r) = -7*r**2 - 110*r + 532. Determine p(4).
-20
Let n(a) = -a**3 - 21*a**2 - 31*a - 60. What is n(-19)?
-193
Let d(f) = -93*f + 441. Determine d(6).
-117
Let z(f) = 371*f**2 + 7786*f - 120. Give z(-21).
-15
Let d(y) = -6*y**2 + 11*y - 11. Calculate d(2).
-13
Let p(k) = 648*k - 7771. What is p(12)?
5
Let p(h) = 1948*h + 19482. What is p(-10)?
2
Let k(o) = o**2 + 141*o - 10489. Determine k(-195).
41
Let i(d) = -4*d - 98. Give i(-28).
14
Let x(r) = -r**2 + 148*r - 1438. Determine x(11).
69
Let z(y) = y**3 + 55*y**2 + 61*y + 227. Calculate z(-54).
-151
Let a(w) = -63*w + 379. Calculate a(7).
-62
Let c(r) = 25*r**2 - 74*r - 9. Give c(4).
95
Let h(z) = -222*z**2 - 7326*z + 27. What is h(-33)?
27
Let w(n) = 3*n - 132. What is w(-10)?
-162
Let k(w) = w**3 - 12*w**2 + 36*w - 3. Determine k(6).
-3
Let j(c) = -11*c**2 - 61*c - 16. Calculate j(-7).
-128
Let m(x) = -1336*x - 5456. Determine m(-4).
-112
Let t(x) = -x**2 + 4*x - 26. What is t(-8)?
-122
Let i(d) = -6*d**3 + 18*d**2 - 11*d - 15. Give i(7).
-1268
Let k(t) = t**2 - 257*t + 2705. Give k(11).
-1
Let m(w) = w**3 - 25*w**2 + 64*w - 85. Calculate m(22).
-129
Let x(a) = a**2 + 5*a - 1059. Give x(30).
-9
Let p(r) = -2*r**3 - 7*r**2 - 22*r - 25. What is p(-3)?
32
Let d(b) = 101*b - 5599. Calculate d(56).
57
Let f(t) = 2*t**3 - 15*t**2 + 55*t - 331. Determine f(7).
5
Let y(x) = x**3 + 22*x**2 - 25*x - 607. What is y(-22)?
-57
Let o(d) = -314*d + 317. What is o(1)?
3
Let f(t) = -t**3 - 7*t**2 + 11*t + 10. What is f(-8)?
-14
Let k(f) = 2*f**3 + 7*f**2 + 11*f + 10. Determine k(-2).
0
Let h(w) = -291